at is 2 + -1370?
-136a
In base 11, what is 6 - -104?
10a
In base 10, what is 3 - 6426?
-6423
In base 3, what is 2 - 10002?
-10000
In base 6, what is 44 + -14?
30
In base 7, what is -543 + 26?
-514
In base 9, what is -2 + 26?
24
In base 6, what is -13 - -4221?
4204
In base 2, what is 1000100000 - -10?
1000100010
In base 12, what is 353 - 1?
352
In base 11, what is 2 - 330?
-329
In base 5, what is 1224 - -113?
1342
In base 15, what is 5 + -c9?
-c4
In base 10, what is -1 - -1127?
1126
In base 5, what is -3 + 4010?
4002
In base 5, what is 2 + -203?
-201
In base 15, what is 904 + 3?
907
In base 3, what is -1 + -1100100?
-1100101
In base 12, what is 2 + 3a0?
3a2
In base 10, what is 920 - 13?
907
In base 4, what is -10 + -132?
-202
In base 4, what is -221 - 10?
-231
In base 10, what is 2111 - -4?
2115
In base 6, what is -34 + 125?
51
In base 16, what is 6ce5 + 4?
6ce9
In base 16, what is -9 - -193?
18a
In base 10, what is -27 + -78?
-105
In base 5, what is 13 - -33?
101
In base 11, what is 1 + 9?
a
In base 16, what is 11 + c5?
d6
In base 15, what is -1cbc + 1?
-1cbb
In base 10, what is -294 - 2?
-296
In base 2, what is 10011 - 110000100?
-101110001
In base 14, what is -1 + 66?
65
In base 8, what is 22 - -25?
47
In base 7, what is -5 - 22353?
-22361
In base 12, what is -45 - 13?
-58
In base 3, what is -20 + -210122?
-210212
In base 12, what is -4 - -2726?
2722
In base 10, what is -11 - -25?
14
In base 16, what is -5 - -3e6?
3e1
In base 5, what is -22 - 22?
-44
In base 11, what is 4 + -1906?
-1902
In base 7, what is -2025 + 4?
-2021
In base 3, what is -11 + 1022011?
1022000
In base 8, what is 1541 - -1?
1542
In base 12, what is -47 + -90?
-117
In base 6, what is -40241 + -1?
-40242
In base 7, what is -3 - 105?
-111
In base 16, what is -5 + c9?
c4
In base 6, what is 120 + 5?
125
In base 11, what is 119 - -22?
140
In base 11, what is 21 + -65?
-44
In base 4, what is 33 - 31210?
-31111
In base 13, what is 259 + 5?
261
In base 15, what is -14 - 26?
-3a
In base 7, what is -4 - -3642?
3635
In base 16, what is -b97 + 3?
-b94
In base 13, what is 2 - -21?
23
In base 16, what is -2f - 5?
-34
In base 16, what is 2 + -c5?
-c3
In base 14, what is -1 - -490?
48d
In base 10, what is -5 - -91?
86
In base 16, what is -742 + -2?
-744
In base 14, what is -cb + -1?
-cc
In base 3, what is 1 + -10?
-2
In base 9, what is -5426 + -5?
-5432
In base 8, what is -4 + 116?
112
In base 14, what is 1d56 - -3?
1d59
In base 3, what is 22001 - -12?
22020
In base 11, what is -9 + -1303?
-1311
In base 13, what is 184a + 4?
1851
In base 14, what is 194 - 0?
194
In base 8, what is -111 + 127?
16
In base 7, what is 3102 - 5?
3064
In base 6, what is 11 - -2?
13
In base 8, what is 153 + 26?
201
In base 12, what is 17 - 180?
-165
In base 15, what is -27e + -1b?
-29a
In base 13, what is -4c + -61?
-b0
In base 12, what is 7 + -184?
-179
In base 7, what is 4201 - 3?
4165
In base 5, what is -4 + 1223?
1214
In base 9, what is -107 + -23?
-131
In base 9, what is 5 - 47?
-42
In base 5, what is 0 + -2220?
-2220
In base 2, what is 111 + -11001101?
-11000110
In base 9, what is 18 - 185?
-166
In base 3, what is -2212 + 11?
-2201
In base 4, what is -1311 - 3?
-1320
In base 9, what is -5 + -862?
-867
In base 9, what is 735 + 6?
742
In base 8, what is 31200 + 3?
31203
In base 12, what is 3 - 38?
-35
In base 14, what is 5b + -7?
54
In base 8, what is -5 + -164?
-171
In base 14, what is -2 + 222?
220
In base 4, what is 102 - 1320?
-1212
In base 14, what is -144b + 5?
-1446
In base 11, what is 138 - 1?
137
In base 3, what is -11 - 10020001?
-10020012
In base 3, what is -212221222 - 11?
-212222010
In base 3, what is -2 - 200210?
-200212
In base 2, what is 100 - -1110001101?
1110010001
In base 14, what is 0 - -d37?
d37
In base 16, what is 5 - 12e?
-129
In base 10, what is 203 - -1?
204
In base 9, what is -83 - 0?
-83
In base 6, what is -540 + -3?
-543
In base 3, what is 211 - 222?
-11
In base 2, what is -111 + -10001?
-11000
In base 8, what is -1 - 2?
-3
In base 9, what is -16 + -24?
-41
In base 10, what is -3 - -1407?
1404
In base 16, what is -1 - 20?
-21
In base 12, what is -10 - -83?
73
In base 5, what is -124 - 3?
-132
In base 2, what is 100 - 100101?
-100001
In base 7, what is -1 + -126?
-130
In base 8, what is 2 - 774?
-772
In base 11, what is -15 - 0?
-15
In base 14, what is 1972 + -4?
196c
In base 16, what is 4 + 62?
66
In base 15, what is -3 + -15b?
-15e
In base 15, what is 0 + a4?
a4
In base 9, what is 11446 + -2?
11444
In base 2, what is -1 - 110111000?
-110111001
In base 10, what is 1 - -3557?
3558
In base 9, what is 237 + 177?
425
In base 3, what is -12 - 202110?
-202122
In base 14, what is 7a + -1?
79
In base 14, what is 56 - 49?
b
In base 7, what is 1310 + -1?
1306
In base 9, what is -1 - 140?
-141
In base 16, what is -78 + 2?
-76
In base 5, what is -20 + -2143?
-2213
In base 14, what is 5 + 168?
16d
In base 2, what is 101 - 10100010?
-10011101
In base 9, what is -5 + -21?
-26
In base 16, what is -1 - -19?
18
In base 8, what is 34 - -20?
54
In base 9, what is 2 - -47?
50
In base 13, what is b - 4?
7
In base 13, what is -19b + -2?
-1a0
In base 14, what is 7 - -d2?
d9
In base 9, what is 2164 + -1?
2163
In base 5, what is 130020 - 10?
130010
In base 6, what is 4 + -11?
-3
In base 8, what is 105 - 10?
75
In base 10, what is 3 + -2045?
-2042
In base 4, what is 2 - 1331?
-1323
In base 8, what is 0 - -57?
57
In base 9, what is -32 + 7?
-24
In base 16, what is 8 - -22?
2a
In base 8, what is -410 + -4?
-414
In base 9, what is -1602 + 10?
-1582
In base 7, what is 3 - -22106?
22112
In base 4, what is 102 + -221?
-113
In base 6, what is -1 + 2?
1
In base 8, what is -1 - 4?
-5
In base 10, what is -19 + -8?
-27
In base 4, what is 3 - 1220?
-1211
In base 12, what is 3 + -61?
-5a
In base 3, what is 2 + 202002?
202011
In base 16, what is -22 - 158?
-17a
In base 5, what is 24 - -2?
31
In base 4, what is 11 - 23?
-12
In base 11, what is 100 + -1?
aa
In base 15, what is 3 + c?
10
In base 2, what is 0 - -10111011?
10111011
In base 9, what is 2 - 260?
-257
In base 3, what is -21 - 121?
-212
In base 2, what is 1100000110110 + 101?
1100000111011
In base 9, what is -16 + 2?
-14
In base 8, what is 5160 + -4?
5154
In base 9, what is 5 - -835?
841
In base 9, what is -4 + 433?
428
In base 5, what is 203 - 2?
201
In base 16, what is 2 + 113?
115
In base 4, what is -10233 + 2?
-10231
In base 16, what is 16 + 9?
1f
In base 9, what is 10085 - 4?
10081
In base 16, what is -5 + 17a7?
17a2
In base 9, what is 1 - 562?
-561
In base 2, what is 100001011 - -11?
100001110
In base 2, what is 10000100 + -1001?
1111011
In base 15, what is -11d - -9?
-114
In base 6, what is -2 - 2310?
-2312
In base 8, what is 534 + -10?
524
In base 10, what is 0 + -266?
-266
In base 6, what is 11 + -14?
-3
In base 11, what is a0 + -10?
90
In base 15, what is -1385 + 2?
-1383
In base 4, what is -12 + 1303?
1231
In base 15, what is -251 + -2?
-253
In base 13, what is -1 - 1592?
-1593
In base 10, what is -202 - 8?
-210
In base 15, what is acaa + 0?
acaa
In base 6, what is -103 + 3?
-100
In base 7, what is 112 + -2?
110
In base 10, what is -258 + -2?
-260
In base 9, what is -1654 - -1?
-1653
In base 4, what is -10 - -1031?
1021
In base 8, what is 3 - 10171?
-10166
In base 7, what is -20 - -63?
43
In base 2, what is 100 + -11010?
-10110
In base 12, what is -45a8 - 2?
-45aa
In base 4, what is -10 + 22?
12
In base 15, what is -3 + -41?
-44
In base 6, what is -4 + 51532?
51524
In base 4, what is 21 - -233?
320
In base 13, what is 6 + 4?
a
In base 7, what is -3 + 456?
453
In base 14, what is -c9 + -3?
-cc
In base 5, what is -313 - 102?
-420
In base 15, what is -2 - 42a?
-42c
In base 2, what is 10101 - -110101101?
111000010
In base 9, what is 286 - -1?
287
In base 14, what is -4c + -3?
-51
In base 15, what is 31 - 84?
-53
In base 7, what is -63 + 0?
-63
In base 5, what is -1002 - 23?
-1030
In base 15, what is -4 + -112?
-116
In base 12, what is -431 + -5?
-436
In base 9, what is 5 - -5361?
5366
In base 6, what is 35 - -4543?
5022
In base 2, what is -1100 + -1000000?
-1001100
In base 8, what is 230 + -5?
223
In base 16, what is -7c - c?
-88
In base 12, what is 11 + -45?
-34
In base 9, what is -380 - 1?
-381
In base 8, what is 4 - 1210?
-1204
In base 2, what is -10